cc
What is 1d7e (base 16) in base 12?
4452
-3022103 (base 4) to base 15
-3c82
Convert 166317 (base 8) to base 14.
18143
What is 12418 (base 11) in base 5?
1032211
10303 (base 6) to base 2
10101111111
Convert -1430124 (base 5) to base 16.
-7557
What is 442 (base 5) in base 7?
233
What is 6310 (base 7) in base 13?
1012
820 (base 15) to base 10
1830
Convert -4652 (base 7) to base 4.
-122213
What is -360452 (base 7) in base 12?
-31798
1260c (base 13) to base 4
20102331
What is 11635 (base 9) in base 2?
1111010000000
Convert 2110121200 (base 3) to base 16.
bdb4
What is -2050 (base 6) in base 15?
-20c
Convert 2413 (base 6) to base 13.
360
Convert 83b (base 14) to base 9.
2201
Convert 24323 (base 5) to base 4.
130232
b50b (base 13) to base 12
12593
-613 (base 10) to base 15
-2ad
What is -16144 (base 7) in base 4?
-1012330
6235 (base 12) to base 8
24711
What is -36706 (base 10) in base 8?
-107542
Convert -3061 (base 7) to base 12.
-754
Convert -190 (base 10) to base 3.
-21001
Convert 383 (base 10) to base 14.
1d5
What is 3a16 (base 12) in base 16?
19f2
691 (base 16) to base 15
771
Convert -513 (base 13) to base 7.
-2340
-21555 (base 7) to base 5
-133210
Convert 121643 (base 8) to base 7.
233063
Convert -7256 (base 12) to base 2.
-11000010100010
-396 (base 10) to base 15
-1b6
What is 401242 (base 5) in base 15?
3b67
What is -2326 (base 9) in base 15?
-7a0
Convert -3401 (base 5) to base 12.
-338
-741 (base 11) to base 9
-1201
Convert -2035 (base 7) to base 4.
-23020
2202002 (base 3) to base 11
1559
Convert -16654 (base 8) to base 16.
-1dac
Convert 10000111010100 (base 2) to base 12.
5018
162301 (base 7) to base 10
32047
100212012 (base 3) to base 6
53135
What is -111010110101 (base 2) in base 6?
-25233
What is -9b7 (base 12) in base 3?
-1222011
What is 14211 (base 5) in base 3?
1121202
Convert 100001000110 (base 2) to base 15.
963
Convert -1864 (base 12) to base 13.
-1465
What is 1 (base 6) in base 15?
1
What is 10310002 (base 4) in base 16?
4d02
What is 11021332 (base 4) in base 11?
14959
239 (base 14) to base 7
1202
Convert -1100101000 (base 2) to base 13.
-4a2
What is 11292 (base 10) in base 4?
2300130
What is 179 (base 12) in base 10?
237
Convert -1c6 (base 14) to base 4.
-11302
What is -1101001000001 (base 2) in base 3?
-100012221
Convert -11552 (base 8) to base 7.
-20330
What is 67716 (base 9) in base 11?
30936
What is -1001011010 (base 2) in base 12?
-422
-101100011011110 (base 2) to base 8
-54336
Convert -101a8 (base 11) to base 10.
-14880
-8030 (base 12) to base 9
-21010
12021 (base 3) to base 13
ac
Convert -50a2 (base 11) to base 16.
-1a6f
What is -12401 (base 9) in base 14?
-3080
What is 4300 (base 5) in base 2?
1000111111
-628 (base 11) to base 8
-1364
1fcb (base 16) to base 8
17713
-c660 (base 13) to base 2
-110101101000000
What is -799 (base 12) in base 15?
-500
5774 (base 12) to base 13
457c
What is -575 (base 11) in base 7?
-2001
What is -30256 (base 9) in base 12?
-b620
What is 4144140 (base 5) in base 9?
114170
-6200 (base 15) to base 5
-1130300
Convert 254034 (base 6) to base 10.
22918
What is -5141 (base 6) in base 14?
-5b7
Convert 32124 (base 5) to base 7.
6211
What is -12 (base 5) in base 11?
-7
3ef (base 16) to base 4
33233
Convert -4034 (base 5) to base 4.
-20013
Convert -13555 (base 6) to base 7.
-6203
Convert 10156 (base 9) to base 12.
3a59
Convert -1022102022 (base 3) to base 9.
-38368
What is 43334 (base 5) in base 14?
1121
Convert 11453 (base 7) to base 11.
2268
Convert -100010 (base 2) to base 12.
-2a
What is -12012122 (base 3) in base 16?
-ed5
Convert 31523 (base 6) to base 16.
10cb
What is -661 (base 7) in base 16?
-151
Convert 63362 (base 7) to base 11.
10816
2148 (base 11) to base 5
42320
What is -1787 (base 10) in base 16?
-6fb
Convert -210 (base 15) to base 13.
-29a
Convert 742 (base 8) to base 2.
111100010
What is -dd41 (base 15) in base 16?
-b70d
Convert -2842 (base 12) to base 3.
-20101112
Convert -133 (base 8) to base 15.
-61
What is -1e43 (base 15) in base 11?
-4a4a
Convert 2422 (base 8) to base 3.
1210002
110b (base 12) to base 10
1883
Convert -210 (base 4) to base 6.
-100
Convert 2546 (base 7) to base 5.
12330
What is -306 (base 9) in base 11?
-207
What is -11005 (base 6) in base 14?
-7a5
Convert -12c4 (base 16) to base 14.
-1a72
-730 (base 9) to base 16
-252
6e1 (base 15) to base 9
2124
Convert -89 (base 15) to base 8.
-201
What is 26431 (base 8) in base 7?
45442
-40000 (base 5) to base 15
-b1a
-10220 (base 6) to base 14
-708
Convert -10100000 (base 2) to base 13.
-c4
Convert 505235 (base 6) to base 10.
40055
Convert -202112 (base 3) to base 12.
-3a2
-171a (base 16) to base 2
-1011100011010
Convert 10021012001 (base 3) to base 16.
fb20
What is -120111021 (base 3) in base 16?
-2c1d
What is 111120210 (base 3) in base 12?
5893
19c (base 16) to base 5
3122
Convert -2020 (base 11) to base 13.
-12b6
c0 (base 14) to base 15
b3
Convert -3141 (base 7) to base 12.
-783
30888 (base 9) to base 3
1000222222
What is -107313 (base 8) in base 14?
-d471
Convert -41383 (base 11) to base 10.
-60349
What is -317 (base 10) in base 6?
-1245
Convert 334400 (base 5) to base 15.
37a0
What is 1110100111110010 (base 2) in base 10?
59890
Convert -62 (base 12) to base 7.
-134
What is -10345 (base 9) in base 2?
-1101010111101
Convert -11415 (base 8) to base 3.
-20200122
What is -3030 (base 6) in base 16?
-29a
-1020 (base 8) to base 11
-440
Convert 5763 (base 11) to base 14.
2a8b
What is 835b (base 12) in base 16?
37f7
What is -51d (base 14) in base 8?
-1757
9a46 (base 11) to base 14
4b79
Convert 27621 (base 10) to base 15.
82b6
What is 40 (base 9) in base 3?
1100
What is 22210 (base 3) in base 10?
237
What is 7a97 (base 11) in base 2?
10100110001001
Convert -150 (base 11) to base 15.
-bb
Convert -4a8d (base 15) to base 12.
-9237
Convert -245203 (base 6) to base 5.
-1200031
What is -46d2 (base 14) in base 3?
-121220220
What is -115 (base 10) in base 9?
-137
What is 125010 (base 7) in base 10?
23331
Convert 2804 (base 9) to base 13.
c64
What is 42723 (base 8) in base 2?
100010111010011
-f91e (base 16) to base 3
-10020111000
21b2 (base 16) to base 3
102211111
Convert -be41 (base 16) to base 13.
-19227
31111 (base 5) to base 13
c03
-416 (base 11) to base 16
-1f5
Convert -736 (base 9) to base 14.
-30c
Convert 13a (base 11) to base 16.
a4
Convert -659 (base 16) to base 9.
-2205
What is -37894 (base 10) in base 8?
-112006
87727 (base 9) to base 7
331426
What is -44343 (base 5) in base 4?
-300122
What is 2231231 (base 4) in base 13?
50a2
Convert -157b (base 12) to base 2.
-100111101111
231031 (base 4) to base 5
43033
Convert -2300 (base 8) to base 5.
-14331
-479 (base 11) to base 10
-570
Convert -328a (base 13) to base 3.
-100122212
Convert 696 (base 15) to base 10.
1491
-29e (base 16) to base 7
-1645
1c88 (base 13) to base 6
32025
2764 (base 11) to base 15
10d9
11000110 (base 2) to base 4
3012
-1920 (base 13) to base 5
-104434
638 (base 12) to base 7
2435
What is 2704 (base 12) in base 4?
1011310
-3344 (base 14) to base 13
-4071
Convert 1211102 (base 3) to base 7.
3614
Convert -1022200102 (base 3) to base 7.
-135560
-75 (base 13) to base 8
-140
Convert 35181 (base 11) to base 6.
1031044
What is 20a7 (base 12) in base 14?
143d
What is 171 (base 13) in base 7?
522
-2211020222 (base 3) to base 2
-1101100100101000
What is -2b5 (base 12) in base 10?
-425
-3214 (base 5) to base 8
-662
What is 837 (base 10) in base 9?
1130
What is -114354 (base 6) in base 13?
-4783
What is 11111110111100 (base 2) in base 4?
3332330
Convert 535 (base 9) to base 2.
110110101
Convert -1342 (base 5) to base 2.
-11011110
Convert 40375 (base 12) to base 11.
57788
Convert -d48 (base 14) to base 5.
-40422
-48 (base 12) to base 16
-38
-39 (base 10) to base 14
-2b
What is -200000202 (base 3) in base 2?
-11001101010110
2334 (base 6) to base 2
1000110010
What is -3c8 (base 14) in base 2?
-1011111100
What is 5633 (base 8) in base 7?
11443
Convert 1cc (base 16) to base 14.
24c
-310202 (base 4) to base 16
-d22
220202002 (base 3) to base 5
1034123
What is 402a6 (base 11) in base 9?
88738
What is -882 (base 10) in base 11?
-732
Convert 4344 (base 6) to base 8.
1750
-454 (base 8) to base 10
-300
Convert -10000100110110 (base 2) to base 5.
-233002
-674 (base 16) to base 13
-9a1
Conve